ime?
False
Is 8750128681 a prime number?
False
Is 17566622191 a composite number?
True
Is 4077814339 prime?
True
Is 16998337219 composite?
True
Is 535633403 a prime number?
True
Is 21155449661 composite?
True
Is 5382253783 prime?
True
Is 902644649 a prime number?
True
Is 1108513517 a prime number?
False
Is 38356489433 a composite number?
True
Is 10857971986 composite?
True
Is 243486023 a prime number?
False
Is 135789452167 a prime number?
True
Is 718572329 prime?
False
Is 2833152143 a prime number?
False
Is 86391181109 prime?
False
Is 38605192937 prime?
False
Is 4229436763 composite?
True
Is 609416299 a prime number?
True
Is 8204707607 prime?
True
Is 4843516409 composite?
False
Is 36543206083 prime?
True
Is 5225297221 a prime number?
False
Is 701074921 a composite number?
False
Is 8513310947 prime?
False
Is 633688597 a prime number?
True
Is 534078959 a composite number?
True
Is 30416044391 composite?
True
Is 18451061501 a composite number?
False
Is 14855471531 a composite number?
True
Is 3137075723 a composite number?
False
Is 103496025947 prime?
True
Is 7536884361 a composite number?
True
Is 1958799893 a prime number?
False
Is 437778037 a composite number?
False
Is 132715085161 a prime number?
True
Is 12121878293 a composite number?
True
Is 76035477437 a composite number?
False
Is 2189159129 a composite number?
True
Is 11885535089 a prime number?
True
Is 26690412919 a composite number?
True
Is 99907500439 a prime number?
False
Is 581366677 a prime number?
True
Is 182665151 composite?
False
Is 5629672843 prime?
True
Is 35736979 a composite number?
True
Is 59243501101 a composite number?
False
Is 116605511 a composite number?
True
Is 41703270913 composite?
False
Is 21077785621 prime?
True
Is 6538165087 a composite number?
False
Is 8990406807 a prime number?
False
Is 419040487 a composite number?
True
Is 2270192047 a composite number?
False
Is 97488872519 a composite number?
True
Is 1299169957 a prime number?
True
Is 106853039 a composite number?
True
Is 11488883279 prime?
True
Is 6170373835 a composite number?
True
Is 439819283 a prime number?
True
Is 289274827 a composite number?
False
Is 33710903099 composite?
False
Is 3331239449 composite?
False
Is 22484725313 a prime number?
False
Is 3412073891 a prime number?
True
Is 996359683 a composite number?
True
Is 484629073 a prime number?
True
Is 24174068117 composite?
False
Is 144429797 a composite number?
False
Is 57614019929 prime?
True
Is 1049263739 a prime number?
True
Is 24484463479 a prime number?
False
Is 1605757837 prime?
True
Is 14846373497 a composite number?
True
Is 11013898855 a composite number?
True
Is 170045173 a composite number?
False
Is 48180618713 a composite number?
False
Is 426978793 composite?
True
Is 4319678497 a composite number?
False
Is 9536487053 prime?
True
Is 31546612583 prime?
False
Is 17603530981 composite?
False
Is 46394292011 a composite number?
True
Is 2839356353 prime?
True
Is 2753895083 composite?
False
Is 1393032341 prime?
True
Is 6872504761 a prime number?
False
Is 1779111121 prime?
True
Is 3462529487 prime?
True
Is 3766402778 prime?
False
Is 10837737479 a composite number?
True
Is 161324827 composite?
False
Is 27100596689 a prime number?
False
Is 6121698767 a composite number?
True
Is 2920562609 a composite number?
True
Is 9465759523 composite?
True
Is 111302503 a composite number?
True
Is 385785493 composite?
False
Is 305963899 a composite number?
True
Is 220972277 prime?
True
Is 6760835857 a composite number?
False
Is 2908681957 composite?
True
Is 3933526837 a composite number?
True
Is 3219190511 a composite number?
False
Is 150943310183 a prime number?
True
Is 1961849027 prime?
True
Is 5247551 a composite number?
True
Is 692105693 a composite number?
True
Is 4293408407 composite?
False
Is 23715811961 a prime number?
True
Is 5447742253 a prime number?
False
Is 65938711493 a composite number?
False
Is 4544985271 a composite number?
False
Is 4701217799 a prime number?
False
Is 4939986199 prime?
True
Is 120824189 a composite number?
False
Is 50924851217 a composite number?
True
Is 1685017643 prime?
False
Is 382436927 prime?
True
Is 560899039 a composite number?
False
Is 10844281111 composite?
True
Is 54405157777 prime?
False
Is 2085778781 prime?
True
Is 666450503 a prime number?
False
Is 14744796853 a prime number?
True
Is 6167012381 prime?
False
Is 4554497113 composite?
False
Is 1902171937 a prime number?
False
Is 2166121511 prime?
False
Is 326336723 a prime number?
False
Is 6344083601 a composite number?
True
Is 14361648421 prime?
True
Is 1963018661 a composite number?
False
Is 102049021 a prime number?
False
Is 610077835 a prime number?
False
Is 1924477661 prime?
True
Is 45660653 composite?
False
Is 13892785337 a composite number?
True
Is 8778485033 prime?
True
Is 1174639553 prime?
True
Is 3757426549 composite?
True
Is 3625102867 a prime number?
True
Is 154256936573 composite?
False
Is 18730976161 composite?
False
Is 163729687195 a prime number?
False
Is 227669339 a prime number?
False
Is 12849442391 a composite number?
False
Is 3543673249 a prime number?
True
Is 43968111661 a prime number?
True
Is 5951758 prime?
False
Is 1274113567 a composite number?
False
Is 5092181107 a prime number?
False
Is 4824149521 composite?
False
Is 8637416191 a prime number?
True
Is 48282429649 a prime number?
False
Is 4739309471 composite?
True
Is 469692389 composite?
True
Is 426723391 a prime number?
True
Is 3480132527 a composite number?
False
Is 12701541983 a prime number?
False
Is 3383913113 a prime number?
False
Is 21026039533 a prime number?
True
Is 556256836261 composite?
True
Is 2839265771 a composite number?
False
Is 21245820677 a composite number?
False
Is 230200567 a prime number?
False
Is 18119242951 prime?
True
Is 8161759667 prime?
False
Is 103661786198 composite?
True
Is 43101283 a composite number?
True
Is 851484841 a prime number?
False
Is 48371708579 composite?
True
Is 10479372929 prime?
True
Is 211013237 composite?
False
Is 3159555869 a composite number?
False
Is 2537166953 a prime number?
True
Is 19642332583 prime?
True
Is 9579929729 a composite number?
False
Is 503494451 prime?
True
Is 4121715373 a prime number?
False
Is 891366419 a composite number?
False
Is 7154704283 a prime number?
False
Is 2344602259 prime?
False
Is 414276169 a prime number?
True
Is 9201299531 composite?
False
Is 287175641 prime?
False
Is 1716622387 a composite number?
False
Is 195726199 a prime number?
True
Is 746304379 a composite number?
False
Is 7907321791 a composite number?
True
Is 43023271817 a composite number?
False
Is 551874643 composite?
False
Is 288368167 prime?
False
Is 4971025645 composite?
True
Is 30800488297 a composite number?
False
Is 11917652053 prime?
False
Is 26316002857 a prime number?
False
Is 8959731229 a composite number?
False
Is 298758043 prime?
True
Is 2003970351 a prime number?
False
Is 620816359 composite?
True
Is 358691533951 prime?
True
Is 76085651 a prime number?
True
Is 49575319663 a prime number?
False
Is 4689934993 a composite number?
True
Is 7966800703 prime?
False
Is 519864493 prime?
True
Is 13937899567 composite?
False
Is 207318547 a composite number?
True
Is 8211502417 composite?
False
Is 60287998999 prime?
True
Is 1950744949 composite?
True
Is 56675630051 a prime number?
True
Is 9973015733 prime?
False
Is 436648739 prime?
False
Is 5330501581 composite?
False
Is 5971993297 composite?
True
Is 5462025103 a prime number?
True
Is 5241420623 prime?
True
Is 1206638843 a prime number?
False
Is 27853992293 composite?
False
Is 6964982603 composite?
True
Is 9580854973 prime?
True
Is 3506825873 composite?
True
Is 57119992351 prime?
False
Is 6742928651 composite?
False
Is 1342763647 composite?
False
Is 188250323 a composite number?
True
Is 7803503563 composite?
False
Is 40769546053 composite?
False
Is 103896203 composite?
True
Is 14914035211 a prime number?
False
Is 1815411751 prime?
False
Is 1608438523 a composite number?
True
Is 5008695959 a prime number?
False
Is 16308958663 a prime number?
True
Is 515770357 prime?
True
Is 9331271171 prime?
True
Is 12777648683 composite?
True
Is 3205412453 a prime number?
False
Is 11852650874 a composite number?
True
Is 9187229938 composite?
True
Is 25995802759 a composite number?
False
Is 6976165393 composite?
False
